n**3 - 5*n**2. Determine q(-5).
9
Let g(w) be the second derivative of w**5/60 - w**4/24 - w**3/6 + 2*w**2 - 2*w. Let n(t) be the first derivative of g(t). Give n(3).
5
Let i(y) = y**2 - 4*y + 3. Let b(s) = 3*s**2 - 9*s + 7. Let q(f) = -2*b(f) + 5*i(f). Let p be (2/(-2))/(-3 - -2). Give q(p).
-2
Let m be (-1 - 1) + (-6)/(-1). Let s(k) = -1 + m + 3*k + 0*k + 0*k. Calculate s(-4).
-9
Let d(c) = c**3 + 2*c**2 - 2*c - 2. Let m be d(-2). Suppose -6 = m*a - 2*i, i + 9 = -3*a + 2*i. Let u(h) = h**3 + 3*h**2 - 98 - 95 + 190. Calculate u(a).
-3
Let y(h) = -h**2 - h - 1. Let s(n) be the third derivative of n**5/20 + 5*n**4/24 + n**3/3 + 2*n**2. Let o(b) = s(b) + 4*y(b). Give o(3).
-8
Suppose t + 4*l + 2 = 6*l, -4*t = -5*l + 8. Let m(c) = -c + 2. Let g be (1/(-2))/(2/4). Let z(j) = -j**2 - j. Let v(o) = g*m(o) + z(o). Give v(t).
-6
Let p(r) = -r - 3. Let u(a) = -2*a - 6. Let z(j) = -5*p(j) + 2*u(j). Let t be (-13)/(-2)*(-2 - 0). Let k = 10 + t. Determine z(k).
0
Suppose 4*s = -5*o + 7, 0 = -s - 0*o + 2*o + 5. Suppose -q = 0, 2*y - s*y + 3 = 5*q. Let u(d) = -3*d**y + 2*d**3 - d**2 - 2 - 2. Determine u(0).
-4
Let k be -4 - (-2)/1 - -5. Let f(c) be the first derivative of -c**7/840 + c**6/72 - c**5/40 + c**3 + 4. Let d(y) be the third derivative of f(y). What is d(k)?
9
Let g = -19 + 18. Let x(c) = -c**3 + 2*c**2 + 2*c + 1. What is x(g)?
2
Let p(x) = x**2 - 2*x + 6. Let k(v) = -2*v**2 + 5*v - 13. Let b(j) = 3*k(j) + 5*p(j). What is b(6)?
-15
Let r(q) = -6 + 10 + 16*q - 18*q. Let f(b) = -b**3 - 5*b**2 + 4*b - 8. Let v be f(-6). Let c be (v/2)/(-2) - 2. What is r(c)?
10
Let b = 4 - -2. Let p(k) be the second derivative of -k**5/20 + 7*k**4/12 - 4*k**3/3 + 5*k**2/2 + 31*k. Calculate p(b).
-7
Suppose -3*p + 0 + 3 = 0. Let t(k) = -3*k + p - 2 - 2*k. Give t(-1).
4
Suppose 5*s - 5*q - 11 = s, -3*q - 6 = -3*s. Let b(t) = -t - 1. Calculate b(s).
0
Let w(m) = -m**2 - 3*m + 2. Let d = -2 - -3. Let h(s) = -5*s + 1. Let b be h(d). Determine w(b).
-2
Let p(g) be the first derivative of 5*g**4/24 - g**3/3 - 3*g**2 - 6. Let r(h) be the second derivative of p(h). Give r(3).
13
Suppose 2*a - 8 = 2*j, 2*a = -j + 2*j + 7. Let t(b) = -12*b**2 - 2*b + 7. Let i(y) = 6*y**2 + y - 3. Let h(f) = -7*i(f) - 3*t(f). Give h(j).
-5
Let l(h) be the first derivative of h**4/4 + 7*h**3/3 + 4*h**2 + 4*h - 7. Calculate l(-6).
-8
Let w(x) = -x**2 + 5*x + 4. Let k(f) = f**3 - 2*f**2 - 2*f + 3. Let b be k(3). Calculate w(b).
-2
Let v(f) = -4*f - 12*f**3 + 4*f**3 + 2*f**2 + 3*f. Let q = -1 - 4. Let u = q + 6. Calculate v(u).
-7
Let f(h) = -14*h**2 + h. Suppose x + 4 - 3 = 0. Give f(x).
-15
Let n(h) be the first derivative of -h**3/3 - 13*h**2/2 + 8*h - 56. Determine n(-14).
-6
Let o(v) = -v + 2. Let a be o(-1). Let h(f) = -3*f + 2. Let g(b) = -2*b. Let i be g(1). Let l(c) = -7*c + 3. Let t(j) = i*l(j) + 5*h(j). Determine t(a).
1
Let l = -27 + 29. Let d(j) = -10 + 10 + j. Calculate d(l).
2
Let i = -2 - -7. Suppose 3*f = i*f. Suppose 0 = -f*m - 3*m. Let v(w) = -w + 3. Give v(m).
3
Let f(b) = b**3 - 2*b**2 - b + 4. Let o be f(0). Let u(w) be the first derivative of 0*w + 1 - 2*w**3 - 1/4*w**o - 2*w**2. Calculate u(-5).
-5
Let r(n) = -n**3 + 2*n**2 + 3*n - 1. Let j be r(2). Suppose 0 = -j*w + w + 16. Let d(u) = -w*u**2 + u - u**3 - 2*u + 2 + 0*u**2. What is d(-3)?
-4
Let d = -11 + 11. Let t(f) = -f - 18. Give t(d).
-18
Let l(s) = 3*s**3 - 7*s**2 - 14. Let c(f) = -4*f**3 + 10*f**2 + 21. Let w(r) = 5*c(r) + 7*l(r). Calculate w(0).
7
Let c = -7 - -6. Let j(t) = -1. Let v(a) = -a**2 - 4*a - 1. Let b(m) = c*v(m) + j(m). Give b(-4).
0
Let y(a) = 2*a**2 - a - 1. Let k be 0/(1/(-1)*1). Suppose k*c + 1 = -c. Give y(c).
2
Let g(d) = -5*d + 5. Let f(v) = -1. Let c(u) = -5*f(u) - g(u). Let z(m) = m - 7. Let x = -13 + 21. Let k be z(x). What is c(k)?
5
Suppose -5*h - 5*n = 25, -5*h + 1 = -3*n - 6. Let j(d) = -21*d**2 - d. Give j(h).
-20
Let l(r) be the first derivative of -r**4/4 + 14*r**3/3 - 6*r**2 - 19*r + 6. Let k be l(13). Let b(o) = -5 + 11 + o + 5. Determine b(k).
5
Let s be (-4)/12*(-9 - 0). Let j(r) = r**3 + r**2 + 1. Let g(t) = 4*t**3 + 10*t**2 - 4*t + 5. Let w(z) = g(z) - 5*j(z). Calculate w(s).
6
Suppose 6 = -0*c - c - 2*k, -2 = 5*c + 3*k. Let j(b) = 1 - 1 - c*b - 1. Give j(3).
-7
Let a(l) = 11*l**2 - 2*l**2 - 1 + 0*l**2. Let t(r) = -4 - 2 + 3 + 2*r. Let b be t(2). Calculate a(b).
8
Let o = -13 - -19. Let t(l) = -2*l + 3*l + o + 5*l**2 - 4*l - 3*l - l**3. Determine t(4).
-2
Suppose 3 = -3*c - 0. Let o(p) = p**3 - 2*p - 1. Give o(c).
0
Let i = 1 + -5/6. Let p(f) be the second derivative of -2*f + 0 - 1/3*f**4 - i*f**3 + 1/2*f**2. Give p(1).
-4
Let a(x) = -8. Let y(q) = q + 9. Let s(o) = 6*a(o) + 5*y(o). Let m be (-4)/(-1) + (-2 - 0). Give s(m).
7
Let k(g) = -g + 1. Let q be k(-4). Let d(j) = 2*j - 5 - 1 + q. Give d(-1).
-3
Suppose 5*f - 6 = -y - 0, 2*y - 4 = -2*f. Let t(a) = 2*a**2 - a. Calculate t(f).
1
Let b(s) = -s**3 + 2*s**2 + s - 1. Let v(i) be the second derivative of i**3/6 + 11*i**2/2 - 2*i. Let u be v(-8). Determine b(u).
-7
Let v(i) be the second derivative of i**5/20 - 5*i**4/12 - i**3/6 + 12*i. What is v(5)?
-5
Let k(a) be the third derivative of 1/60*a**5 - 1/24*a**4 + 0 + 0*a + 0*a**3 + 2*a**2. Let i = 0 - -3. Determine k(i).
6
Suppose 2*s + 6 = 0, -6*v - 3*s = -4*v + 17. Let g(f) = -f**2 - 6*f - 3. Let n be g(v). Let k be (6/(-15) + 1)*n. Let b(r) = r. Determine b(k).
3
Let x(v) = v**2 + 7*v + 2. Let o be x(-7). Let w(p) = -2*p**3 + 4*p**2 - 3*p. Calculate w(o).
-6
Suppose -141*d = -136*d + 20. Let g(m) = -m**2 + 2*m + 6. Calculate g(d).
-18
Let k(b) be the first derivative of b**5/60 - 3*b**4/8 - b**3 - 2. Let f(z) be the third derivative of k(z). Determine f(6).
3
Suppose -24 = -6*k + 2*k. Let d be (4/k)/((-4)/12). Let l(o) = -2*o - 2. Give l(d).
2
Suppose -p + 100 = 4*p. Suppose -a + p = 3*a. Suppose -a*l - 23 = -f - 0*l, l = -5*f - 15. Let q(z) = -2*z**3 - 2*z**2 + z + 2. Calculate q(f).
8
Let o(m) = m**2 + 5*m + 1. Let n(l) = -3*l**2 - 4*l + 2*l**2 - 2 + 2*l**2. Suppose 4*p - 11 = 1. Let y be n(p). Give o(y).
1
Let r(m) be the third derivative of -m**7/5040 - m**6/90 + m**5/10 + 6*m**2. Let g(s) be the third derivative of r(s). Let o be (-2)/6 - 51/9. Determine g(o).
-2
Let d(j) = -j - 3. Let g be d(-5). Let f(n) = 4*n**2 + 1 - 2 + n**g + 4*n**2 + 2*n. Determine f(1).
10
Let b(h) = 2*h + 3. Let t be 16/6 + 16/(-24). Let z(q) = 6 - 4 + q**2 - 7*q + t. Let n be z(7). Determine b(n).
11
Let r(f) = -2*f - 7 + 2*f - f. Let v(u) = -u**2 - 7*u. Let g be v(-5). Suppose -2*i - g = -0*i. Give r(i).
-2
Let y(p) = -p**2 - 11*p. Suppose -13 = 5*l + 42. Let n be y(l). Suppose j + 2*j = n. Let k(o) = -o + 5. What is k(j)?
5
Let q(j) = j**3 + 1 - 4*j - j**2 + j**2 + 2*j**2 + 1. Give q(-4).
-14
Let y = -3 + 6. Let n(o) be the third derivative of 2*o**2 + 0*o**y + 0 + 1/4*o**4 + 0*o. Calculate n(1).
6
Let f(i) = -3*i - 2*i - 9 - 2*i**2 + 0*i**2 + i**2. What is f(-6)?
-15
Let n(p) = 3*p**2 + p. Let h = 1 - 2. Calculate n(h).
2
Let l(v) = -v + 5. Suppose 35 = 4*k - 3*d, 0*d - 10 = 2*d. Suppose y - k*y - 24 = 0. What is l(y)?
11
Let d(m) be the second derivative of m**5/20 - m**4/3 + m**3/2 - m**2/2 - 13*m. Calculate d(3).
-1
Let z(w) = -w**3 + 2*w - 1. Suppose -5*h - 2*f = -0*h + 5, 0 = -h - 4*f - 19. Give z(h).
0
Let n(f) = 4 + 3*f - 6 + f**2 + 7 + 3*f. Determine n(-5).
0
Let k be (10/(-2))/(8 - (2 - -7)). Let a(w) = w**3 - 5*w**2 + 4. Calculate a(k).
4
Let h = 3 + 0. Let s(t) = 4 - t - h*t + 2*t**2 - 3. Let a be 12 + 0 - (-2 + 11). Calculate s(a).
7
Let n be 1 - 2/((-4)/2). Let l(k) = -2*k**3 + 3*k**3 + 7*k**n + 3*k + 3*k - 2. Suppose 5*a - 16 = f, -3*f - 21 = -4*a + 5. What is l(f)?
-2
Suppose -2*b + 16 = 2*b. Suppose 6*d - 8 = b*d. Let u be 5*(d/1 + -3). Let q(a) = a**3 - 6*a**2 + 5*a - 2. Calculate q(u).
-2
Suppose -35 = 5*v - 0*v. Let n(y) = 5*y**2 - 4*y + 5. Let u(f) = 9*f**2 - 8*f + 9. Let b(x) = v*n(x) + 4*u(x). What is b(5)?
6
Let g(w) be the third derivative of -w**7/1680 + w**6/180 - w**5/30 - 3*w**2. Let i(j) be the third derivative of g(j). Suppose -2*t - t = -9. Determine i(t).
-5
Let g(p) = 4*p - 4. Suppose -2*k + 3*h = -13 + 1, -5*h = -k + 13. Determine g(k).
8
Let g(w) = -w**3 + 2*w**2 + 8. Let z(c) = 1. Let t(k) = -g(k) + 4*z(k). Calculate t(3).
5
Let k(i) be the second derivat